 -7*x + w = -2*x + m, -3*m = -2*x + 27. Calculate q(x).
-1
Suppose 0 = -t, -g - 5*t - 4 = -20. Let w(o) = -o**3 + 17*o**2 - 16*o - 8. Let x be w(g). Let a(f) = -f - 2. Give a(x).
6
Suppose -2*y - 8*z = -3*z, 0 = -y + 3*z. Suppose y = 4*x - 20, x = -5*r - 25 + 80. Let g(d) = -d**2 + 10*d + 3. Calculate g(r).
3
Let y be (-21)/(-6) + (-1)/(-2). Suppose 0*d - 6 = -3*d. Let f(q) = 5*q**d - 13 - 2*q - q**3 + 18 - 7. Determine f(y).
6
Let j = -33 + 36. Let p(d) be the first derivative of d**5/30 - d**4/24 + 2*d**3 + 3. Let q(b) be the third derivative of p(b). Calculate q(j).
11
Let c(r) = -r**3 + 8. Suppose 6 = 3*m + 27. Let t(y) = y**3 + 8*y**2 + 7*y - 5. Let j be t(m). Let n be (0/(-2))/j + 0. What is c(n)?
8
Let u(x) be the second derivative of 1/3*x**3 - 1/2*x**2 + 0 + 3/10*x**5 - 1/6*x**4 - 6*x. Let h = -1 + 2. Calculate u(h).
5
Let a = 27 - 50. Let r = -18 - a. Let d(m) = -3*m**3 - 6*m**2 + 5*m + 2. Let s(p) = 2*p**3 + 6*p**2 - 5*p - 3. Let z(q) = -3*d(q) - 4*s(q). Calculate z(r).
6
Let l = -86 - -88. Let t(r) = r - 4*r**3 - 1129 + 1130 - r**2 - 4*r**2 + 4*r**l. Calculate t(-1).
3
Suppose 3*p + 2 = 4*p. Let f(x) = 4*x**3 + 5*x**2 - 2*x + 2. Let q(i) = 5*i**3 + 6*i**2 - 2*i + 3. Let h(z) = -4*f(z) + 3*q(z). Give h(p).
-11
Let l(r) be the first derivative of -r**3/3 + r + 17. Let t(p) = 4*p - 7. Let a be t(9). Suppose a = 3*u + 5*y, 0*y + 4*y - 13 = u. Calculate l(u).
-8
Let r(l) be the third derivative of l**6/120 + l**5/5 + l**4/12 + 5*l**3/2 - 73*l**2 + 1. Determine r(-12).
-9
Suppose 39 = 2*v + v. Let b(s) = -6*s**3 + 15*s**2 - 11*s - 9. Let k(x) = -3*x**3 + 7*x**2 - 5*x - 4. Let a(o) = v*k(o) - 6*b(o). Calculate a(2).
-16
Suppose -w + 7 - 4 = 0. Let u(c) = 4*c + 18*c - w + c - 1. Let o(x) = -988*x + 171. Let l(p) = 4*o(p) + 171*u(p). Determine l(1).
-19
Let v(y) = -y**3 + 8*y**2 - 19*y + 17. Let c be v(3). Let n(u) = -4*u**3 + u**2 - u + 8. Let d(i) = -3*i**3 + 2*i**2 + 7. Let p(h) = 3*d(h) - 2*n(h). Give p(c).
-10
Let n = -400 + 407. Let f(q) = q**2 - 11*q + 31. Calculate f(n).
3
Suppose -3*w - 2*w + c - 30 = 0, -3*w + 5*c = -4. Let a(d) = -3*d + 5. Determine a(w).
26
Let l(v) = v + 3 + 5*v + v**2 - 6 + 0. Suppose r = o + 4 + 1, 3*r + 5*o = 15. Let t = r - 9. Calculate l(t).
-11
Let r(c) = c**3 + 5*c**2 + 2*c - 4. Let i be r(-4). Let g(h) = 3*h**3 + 1 - 82*h + 169*h - 85*h - 4*h**3 + 4*h**2. Give g(i).
9
Let s(p) be the first derivative of p**2 + 12*p + 121. Determine s(-9).
-6
Let w(a) be the first derivative of -a**5/120 - a**4/4 - 7*a**3 + 23. Let x(v) be the third derivative of w(v). Give x(-6).
0
Let q(s) = s**2 + 5*s - 20. Let l be q(-12). Let r be (-4)/(l/72)*(-3 + 1). Let t(p) = -p**3 + 8*p**2 + 7*p + 5. Calculate t(r).
-13
Let r be (-11 + 6)/((-2)/12*10). Let s(g) = -g**2 + g**2 + 4*g - 2*g**2. Give s(r).
-6
Suppose -2*v = 2*j - 12, -v - 4*j + 9 = -0*v. Suppose 2*z + 0*z - 48 = -w, -2*z = 3*w - 136. Let a(h) = -w*h + 11 - 41*h + 84*h. Calculate a(v).
6
Let h(z) = -12*z + 2. Suppose -59*v - 90 = -14*v. What is h(v)?
26
Let h(r) = r**3 + 3*r**2 - 2*r. Let y(v) = 2 - 4 + v**2 - 4 - 8*v - 6. Let k be y(9). Determine h(k).
6
Let z = -13 + 14. Let b(f) = -f**3 + f**2 + f + 1. Let n(j) = -4*j**3 - 2*j**2 + 3*j + 5. Let r(l) = z*n(l) - 5*b(l). Determine r(7).
-14
Suppose -3*z = 5*u + 28 + 15, -u = -1. Let r = z + 17. Let f be 12 + -14 - r*2. Let j(o) = o**3 + 3*o**2 - 3*o + 4. Determine j(f).
0
Let l(j) be the first derivative of -j**5/20 - 5*j**4/12 + j**3/6 - j**2/2 - j + 2. Let s(w) be the first derivative of l(w). What is s(-5)?
-6
Let z be ((-153)/(-255))/(1/(-15)). Let o(w) = -2*w - 7. Calculate o(z).
11
Let u be (-2)/(-3) + 25/3. Let p = u + -6. Let y be (15/p)/(-1) - -2. Let q(d) = d**3 + d**2 - 3*d + 1. What is q(y)?
-8
Suppose -2*q + 0*q = 5*w - 16, 3*q - 1 = 4*w. Let l(a) = -a**3 - 6*a - 3 + w + 10*a. What is l(-3)?
14
Let m(v) = 22*v**3 - 15*v**2. Let n(s) = 10*s**3 - 7*s**2. Let t(a) = 6*m(a) - 13*n(a). Determine t(-2).
-12
Let s(l) = 4*l - 4*l - 3*l + 3. Suppose -12 = -c - h, -2*c + 0*h = -4*h - 24. Let q = -9 + c. Calculate s(q).
-6
Let z be 10 - (12 + (-16 - -10)). Let o(g) = g**2 - 3*g - 2. What is o(z)?
2
Let g(m) = -m**2 + 22*m - 5. Let u = 1858 + -1836. Calculate g(u).
-5
Let m(s) = -s**3 - s**2 + 2. Suppose -2*k - 24 = -6*k. Suppose -3 = k*i - 5*i. Let u be (-3 - 1)*i/(-6). Give m(u).
6
Let s(q) = q - 19. Let x(r) = -1. Suppose -2*i = 3*f + 15, i = 5*f + 4 + 8. Let d(p) = f*x(p) + s(p). Calculate d(0).
-16
Let q(c) = -c**3 + 10*c**2 - 7*c - 6. Let b be (7 + (-25)/10)*2. Calculate q(b).
12
Let x be 209/330 - 9/30. Let u(r) be the first derivative of 5*r + x*r**3 - 9 - 3/2*r**2. Determine u(4).
9
Let l(k) = -k**2 - 3*k + 8. Let j(p) = -p - p + p + 0. Let o(q) = -4*j(q) + l(q). Let w = -6 + 6. Determine o(w).
8
Suppose 0 = -3*m - 39 + 15. Let g be (m/(-24))/((-1)/(-24)). Let k(i) = i**3 - 8*i**2 - 2*i + 9. What is k(g)?
-7
Let q = -25 + 34. Let s(a) = -q*a**2 + 4*a**2 + 1 + 8*a**2 - a. Determine s(2).
11
Let j = -35 - -39. Let f(v) = v - v**2 + 6*v - j*v + 3. Determine f(-2).
-7
Let u(i) be the third derivative of i**5/120 + i**4/24 - 10*i**3/3 + 12*i**2. Let w(y) be the first derivative of u(y). What is w(4)?
5
Let t be (-5)/(-3)*(-9 + 6). Let o(u) = -u**2 - 8*u - 4. Give o(t).
11
Let w(q) = -11*q**3 + q**2 - 29*q + 11. Let s(o) = 9*o**3 - 3*o**2 + 29*o - 11. Let f(n) = 6*s(n) + 5*w(n). What is f(-15)?
4
Let l(c) be the third derivative of -c**6/120 - c**5/15 + c**4/3 + 5*c**3/6 - 26*c**2 + 3*c. Give l(-5).
-10
Let h(s) = 18*s - 54. Let k be h(3). Let o(b) = b**3 - 2*b**2 + b + 12. Give o(k).
12
Let d(q) be the third derivative of q**6/120 - q**5/6 - 23*q**4/24 - 17*q**3/6 - 145*q**2. Calculate d(12).
-5
Let n(k) = k**3 + 11*k**2 + k + 2. Let v be (-286)/(-78)*3*-1. Give n(v).
-9
Let a(z) = z**2 + 8*z + 8. Suppose 2*n + 4 = -2*f, -3*n - 11 - 1 = 4*f. Give a(f).
-4
Let u be (56/(-48))/(5/(-30)). Let v(k) = 0 + 2*k + 7 - 5. Determine v(u).
16
Let j(t) be the third derivative of 7*t**5/30 + t**4/24 - t**3/6 - 16*t**2. Suppose 8*a - 3*a - 13 = 4*b, -3*a + 4*b + 11 = 0. What is j(a)?
14
Let h(c) = -38*c + 37. Let m be h(1). Let k(i) be the third derivative of -i**6/120 - i**5/60 + i**4/24 + i**3/6 - 2*i**2. What is k(m)?
0
Let g(y) = -11*y - 18. Suppose -72 = 24*l - 24. Determine g(l).
4
Let h be 2 + 2 + 1 + 0. Let b(u) = -5*u**3 + 4*u**2 + 13*u + 10. Let s(a) = -3*a**3 + 3*a**2 + 7*a + 5. Let x(p) = 4*b(p) - 7*s(p). Give x(h).
20
Let s = -4 - -6. Let f(g) = g**2 + g - 4 + 0 - 2*g**s. Suppose 17*t - 17 - 47 = t. Calculate f(t).
-16
Let f(q) = -q**2 + 9*q + 9 - 24 - 1 + 6 + 2. Suppose 0 = -2*o + 7*o + 45. Let d = -2 - o. What is f(d)?
6
Let v(b) = 2*b + 5. Let g(y) = y + 8. Let t(z) = -2*g(z) + 3*v(z). Give t(-5).
-21
Let x(q) = q**3 + 7*q**2 - 7*q + 18. Let f be x(-8). Suppose -12*j = -f*j - 6. Let m(v) = -v**2 + 6*v + 2. Give m(j).
11
Let c(b) be the first derivative of -b**4/4 + 2*b**3 - 5*b**2/2 - 4*b - 505. Give c(6).
-34
Let v(x) be the second derivative of -x**5/20 + x**4/12 + 3*x**3 + 3*x**2 - 26*x - 14. Determine v(5).
-4
Let k(d) = -20*d**3 - d**2 - d. Suppose -13 = 3*o - 70. Let a = -20 + o. What is k(a)?
20
Suppose 394*s - 399*s + 5 = 0. Let y(c) = -3*c - 3. Calculate y(s).
-6
Let x be (4 + -4 + -1)*0. Suppose 6*k + 30 = -x*k. Let i(s) = -s**3 - 6*s**2 - 5*s + 6. What is i(k)?
6
Suppose 0 = 61*z - 53*z - 152. Let u(t) = -t**3 + 19*t**2 - 2*t + 9. Calculate u(z).
-29
Suppose s = -2*m + 4*s + 15, -2*m = -s - 17. Suppose -11 = -4*a + m. Let v(q) = q**2 - 5*q + 1. Calculate v(a).
1
Let l be (-2024)/154 + (-3)/(-21). Let g(s) = s**3 + 13*s**2 + s + 2. Calculate g(l).
-11
Let j(l) = -l + 8. Let f be j(8). Let r(u) be the third derivative of -u**5/120 + u**4/24 - u**3/6 + u**2. Let c(s) be the first derivative of r(s). Give c(f).
1
Let v(z) = -z**2 + 5*z + 7. Let l be (13 - (-927)/(-63)) + (-2)/7. Give v(l).
-7
Let x(c) be the third derivative of c**4/24 + c**3/3 + 2*c**2 - c. Determine x(-4).
-2
Let f(m) = -m**2 - 569*m - 3373. Let q be f(-6). Let a(b) be the second derivative of -b**4/12 + b**3 - 3*b**2 - b. What is a(q)?
-1
Let n(f) be the first derivative of f**2 + f - 1. Give n(-5).
-9
Let q be 9/3*(1 + 0). Let n(c) = -1 + 3 + 123*c**2 - 122*c**2. What is n(q)?
11
Let t(d) = -39*d + 20. Let l(h) = -47*h + 26. L